{"id":1170,"date":"2023-08-18T15:01:48","date_gmt":"2023-08-18T15:01:48","guid":{"rendered":"http:\/\/project-blanche.com\/?post_type=jetpack-portfolio&#038;p=1170"},"modified":"2024-01-23T19:50:35","modified_gmt":"2024-01-23T19:50:35","slug":"objet-a","status":"publish","type":"jetpack-portfolio","link":"https:\/\/project-blanche.com\/hu\/portfolio\/objet-a\/","title":{"rendered":"objet a"},"content":{"rendered":"\n<p>Hogyan szabaduljunk meg magunkt\u00f3l? Epiz\u00f3d 5<\/p>\n\n\n\n<figure class=\"wp-block-embed-vimeo wp-block-embed is-type-video is-provider-vimeo wp-embed-aspect-1-1 wp-has-aspect-ratio\"><div class=\"wp-block-embed__wrapper\">\n<div class=\"jetpack-video-wrapper\"><iframe loading=\"lazy\" title=\"How to get rid of ourself? \/ How to achieve liberation on our own? Episode 5: objet a\" src=\"https:\/\/player.vimeo.com\/video\/855411111?dnt=1&amp;app_id=122963\" width=\"640\" height=\"640\" frameborder=\"0\" allow=\"autoplay; fullscreen; picture-in-picture; clipboard-write; encrypted-media\"><\/iframe><\/div>\n<\/div><\/figure>\n\n\n\n<p>\u201eAz ig\u00e9nyt megfogalmaz\u00f3 szubjektumnak, az \u00e9n-nek a partnere nem a M\u00e1sik, hanem valami olyannak a behelyettes\u00edt\u00e9se a hely\u00e9re, ami v\u00e1gyat kelt. (&#8230;) Csak besz\u00e9l\u0151 testek vannak, mondottam, akik megalkotj\u00e1k a vil\u00e1g fogalm\u00e1t. \u00c1m itt kimondhatjuk, hogy a vil\u00e1g mint olyan, a tud\u00e1ssal teljesen kit\u00f6lt\u00f6tt l\u00e9tnek a vil\u00e1ga csak egy \u00e1lom, a besz\u00e9l\u0151 test \u00e1lma. Nem l\u00e9tezik megismer\u0151 szubjektum. Csak az <em>objet a-<\/em>ban egym\u00e1s korrel\u00e1tumak\u00e9nt ad\u00f3d\u00f3 szubjektumok l\u00e9teznek\u201d (Jacques Lacan)&nbsp;<\/p>\n\n\n\n<p>\u201eAz igaz az eg\u00e9sz\u201d (Georg W. F. Hegel)&nbsp;<\/p>\n","protected":false},"excerpt":{"rendered":"<p>Hogyan szabaduljunk meg magunkt\u00f3l? Epiz\u00f3d 5 \u201eAz ig\u00e9nyt megfogalmaz\u00f3 szubjektumnak, az \u00e9n-nek a partnere nem a M\u00e1sik, hanem valami olyannak a behelyettes\u00edt\u00e9se a hely\u00e9re, ami v\u00e1gyat kelt. (&#8230;) Csak besz\u00e9l\u0151 testek vannak, mondottam, akik megalkotj\u00e1k a vil\u00e1g fogalm\u00e1t. \u00c1m itt kimondhatjuk, hogy a vil\u00e1g mint olyan, a tud\u00e1ssal teljesen kit\u00f6lt\u00f6tt l\u00e9tnek a vil\u00e1ga csak egy<\/p>\n","protected":false},"author":1,"featured_media":1171,"template":"","format":"standard","meta":{"footnotes":""},"tags":[],"jetpack-portfolio-type":[21,27],"jetpack-portfolio-tag":[],"class_list":["post-1170","jetpack-portfolio","type-jetpack-portfolio","status-publish","format-standard","has-post-thumbnail","hentry","jetpack-portfolio-type-dj-goodbye-hu","jetpack-portfolio-type-hogyan-szabaduljunk-meg-magunktol"],"jetpack_sharing_enabled":true,"_links":{"self":[{"href":"https:\/\/project-blanche.com\/hu\/wp-json\/wp\/v2\/jetpack-portfolio\/1170","targetHints":{"allow":["GET"]}}],"collection":[{"href":"https:\/\/project-blanche.com\/hu\/wp-json\/wp\/v2\/jetpack-portfolio"}],"about":[{"href":"https:\/\/project-blanche.com\/hu\/wp-json\/wp\/v2\/types\/jetpack-portfolio"}],"author":[{"embeddable":true,"href":"https:\/\/project-blanche.com\/hu\/wp-json\/wp\/v2\/users\/1"}],"version-history":[{"count":4,"href":"https:\/\/project-blanche.com\/hu\/wp-json\/wp\/v2\/jetpack-portfolio\/1170\/revisions"}],"predecessor-version":[{"id":1251,"href":"https:\/\/project-blanche.com\/hu\/wp-json\/wp\/v2\/jetpack-portfolio\/1170\/revisions\/1251"}],"wp:featuredmedia":[{"embeddable":true,"href":"https:\/\/project-blanche.com\/hu\/wp-json\/wp\/v2\/media\/1171"}],"wp:attachment":[{"href":"https:\/\/project-blanche.com\/hu\/wp-json\/wp\/v2\/media?parent=1170"}],"wp:term":[{"taxonomy":"post_tag","embeddable":true,"href":"https:\/\/project-blanche.com\/hu\/wp-json\/wp\/v2\/tags?post=1170"},{"taxonomy":"jetpack-portfolio-type","embeddable":true,"href":"https:\/\/project-blanche.com\/hu\/wp-json\/wp\/v2\/jetpack-portfolio-type?post=1170"},{"taxonomy":"jetpack-portfolio-tag","embeddable":true,"href":"https:\/\/project-blanche.com\/hu\/wp-json\/wp\/v2\/jetpack-portfolio-tag?post=1170"}],"curies":[{"name":"wp","href":"https:\/\/api.w.org\/{rel}","templated":true}]}}

<p>Hogyan szabaduljunk meg magunktól? Epizód 5</p>



<figure class="wp-block-embed-vimeo wp-block-embed is-type-video is-provider-vimeo wp-embed-aspect-1-1 wp-has-aspect-ratio"><div class="wp-block-embed__wrapper">
<div class="jetpack-video-wrapper"><iframe loading="lazy" title="How to get rid of ourself? / How to achieve liberation on our own? Episode 5: objet a" src="https://player.vimeo.com/video/855411111?dnt=1&amp;app_id=122963" width="640" height="640" frameborder="0" allow="autoplay; fullscreen; picture-in-picture; clipboard-write; encrypted-media"></iframe></div>
</div></figure>



<p>„Az igényt megfogalmazó szubjektumnak, az én-nek a partnere nem a Másik, hanem valami olyannak a behelyettesítése a helyére, ami vágyat kelt. (&#8230;) Csak beszélő testek vannak, mondottam, akik megalkotják a világ fogalmát. Ám itt kimondhatjuk, hogy a világ mint olyan, a tudással teljesen kitöltött létnek a világa csak egy álom, a beszélő test álma. Nem létezik megismerő szubjektum. Csak az <em>objet a-</em>ban egymás korrelátumaként adódó szubjektumok léteznek” (Jacques Lacan)&nbsp;</p>



<p>„Az igaz az egész” (Georg W. F. Hegel)&nbsp;</p>

<p>Hogyan szabaduljunk meg magunktól? Epizód 5 „Az igényt megfogalmazó szubjektumnak, az én-nek a partnere nem a Másik, hanem valami olyannak a behelyettesítése a helyére, ami vágyat kelt. (&#8230;) Csak beszélő testek vannak, mondottam, akik megalkotják a világ fogalmát. Ám itt kimondhatjuk, hogy a világ mint olyan, a tudással teljesen kitöltött létnek a világa csak egy</p>
